84. Suppose 9*z - y + 35223 = 0. Is z a composite number?
True
Let l = 72756 - 38633. Is l composite?
False
Suppose -2*a - 2*a = -148. Let d = a + -31. Suppose -d*b + 2*b + 1172 = 0. Is b a composite number?
False
Suppose -2*k + 354448 = 4*i - 6*k, 5*i - 2*k - 443045 = 0. Is i a composite number?
False
Suppose 0 = -5*n + g + 129707, 0 = -n - 3*g + 9670 + 16281. Let r = -7883 + n. Is r a prime number?
True
Suppose 5*q = 7 + 3. Let z(x) = -x**3 - 3*x**2 + 12*x + 34. Let j be z(-4). Suppose 6*v - q*v = o - 183, j*o - 4*v - 346 = 0. Is o composite?
False
Suppose -k = -7*k + 36. Let y(u) = -k - 22 - 7 - 306*u. Is y(-16) a composite number?
False
Let c(a) = -1985*a - 549. Is c(-4) a prime number?
False
Let p(b) = -3*b + 5. Let z be p(2). Let c be (2935/(7 - 2))/z. Is (c/(-3))/((-3)/(-9)) composite?
False
Let q = -9 - -67. Let b = q - 56. Is (206/(-4))/((-1)/b) prime?
True
Suppose -434*j = -494*j + 23143575 + 14610645. Is j composite?
True
Suppose -19*h = -9*h - 50. Suppose 0 = a + 4, -h*k + a = -2*k - 30241. Is k composite?
False
Suppose 0*p - 15*p = -480. Suppose -26*f - 204162 = -p*f. Is f composite?
True
Suppose -5*w = 3*t - 49, 12*w - 7*w - 59 = 2*t. Let u(q) = -2*q + 3 - 4*q + w - 31 + 3*q**2. Is u(-6) a prime number?
True
Let i = -1144 + 1737. Suppose 0 = y - 1, 0 = -4*r + 3*y + 3597. Let a = r - i. Is a prime?
True
Suppose a = 3*l - 50538, -14*l + 12*l + 4*a = -33682. Is l a prime number?
False
Let h(m) = -2566*m + 367. Is h(-16) prime?
False
Suppose 4*w - 8178 = 826. Is 4/(-7) - w/(-7) a composite number?
True
Let m = -24 + 29. Suppose -2015 = -3*f - a, -m*a = -0*f + 3*f - 1999. Is f prime?
True
Suppose 315 = 5*x + 5*q, -120 = -2*x - 2*q + 6*q. Is x/279 - 8791/(-9) a composite number?
False
Let w(u) = -20 + 220*u**2 + 6 + 5 - 5*u. Is w(4) a composite number?
False
Let q = -2109 + 4282. Let g = q - 1542. Is g composite?
False
Let f = 22 + 19. Let c = f + -40. Is (-1 + 83)*c*5/5 a prime number?
False
Let n(j) = -6*j + 1. Let o be n(-10). Suppose 69*p = o*p. Suppose 3*i - s - 1774 = p, 3158 - 202 = 5*i - s. Is i a composite number?
True
Let q(g) be the second derivative of -g**4 - g**3/3 + 6*g**2 + 10*g. Let u be q(-5). Let s = -167 - u. Is s a prime number?
False
Suppose -2*d = 3*d - 30. Let n be -6*-1*(16/d - 3). Is 5/n*8/(-10) - -2435 composite?
False
Let m(l) = 4*l - 43. Let t be m(12). Suppose 8669 = o + t*q, 0 = 4*o + 2*q - 15086 - 19536. Is o composite?
True
Let b be (12 - 1)*(-38 + 39). Let o be 1 + (-9)/11 - (-383)/b. Is (-49878)/(-14) - (-10)/o a composite number?
True
Suppose 5*p - 212955 = 259*f - 255*f, 127741 = 3*p + 4*f. Is p prime?
False
Suppose 0 = -12*q + 8*q - 3*g + 325121, q - 81286 = 5*g. Is q prime?
True
Suppose -5*w + 13 - 33 = 0. Let b be (w - (-15704)/4) + 4. Suppose -b = -t - 1245. Is t a prime number?
False
Let o be ((-21)/9 + 3)/((-4)/(-33612)). Let x = o + -3273. Is x prime?
False
Suppose 0 = 5*c + 2*h + 39 - 13, -2*h = -3*c - 22. Let g(n) = 523*n**2 + 13*n - 9. Is g(c) composite?
True
Let q be (-8)/(-10) - 1/(-10)*12. Suppose -q*g = o - 3981, -5*g = -o - 8476 - 1480. Is g a prime number?
False
Let h be -7923*(40/(-6) - -7). Let a = h + 5154. Is a a prime number?
False
Let c(q) = -326*q + 103. Let y(k) = k + 2. Let p(j) = -c(j) + 6*y(j). Is p(9) prime?
True
Suppose 0 = 3*j + 10 - 52. Let l(o) = 528*o + 985. Let v(q) = -88*q - 159. Let a(m) = -6*l(m) - 37*v(m). Is a(j) a prime number?
False
Suppose 0 = -2*p + 3*u + 4, -p + u + 3*u + 2 = 0. Suppose -p*q = -5*q + 2*n + 109665, -4*q = -n - 146215. Is q composite?
True
Let q be ((-4)/10 - 4/(-10))/(-2). Suppose 0 = -i + 5*n + 177, 3*i - 2*n - n - 543 = q. Let k = 255 + i. Is k a prime number?
False
Let q(j) = -j**3 + 10*j**2 + 22*j + 1. Let w be q(12). Let l = 23 + w. Suppose -4*d - 20 = l, 5*k - 524 = -5*d + 236. Is k a prime number?
True
Let t(s) = s**2 + 4*s - 10. Let i be t(-6). Let d be (i + -2)/(-4 + 0). Suppose d = -4*g + 4345 + 8851. Is g a prime number?
True
Suppose -135*l + 13260 = -125*l. Suppose 2*g - 42 = -16. Suppose l = 19*h - g*h. Is h prime?
False
Let i(x) = -44*x - 11. Suppose 2*f - 5*n + 77 = 0, -n = 4*f - 0*n + 99. Let a = f - -11. Is i(a) a prime number?
False
Let c = -588562 + 890009. Is c a prime number?
True
Suppose 7*t = 6*t + 1425. Let u = t - 712. Suppose f - 3*m = u, 0 = -2*f + 3*m - 495 + 1909. Is f prime?
True
Suppose -15*l - 4*l + 7*l + 3120564 = 0. Is l a prime number?
True
Let a(x) be the third derivative of 89*x**5/60 + x**4/3 - 4*x**3/3 + x**2 - 13*x. Is a(7) a composite number?
False
Let h = 9527 + -6495. Let p = -1651 + h. Is p prime?
True
Let d be 13 + -9 - (3/3 - 1). Suppose -3*k + 2158 = m, 0 = -d*m - 2 + 6. Is k composite?
False
Let h(v) = -v**3 - 7*v**2 - 4*v - 17. Let q(y) = -2*y**2 - 2*y**2 + 3*y**2 - 1 + 18 - 12*y. Let w be q(-14). Is h(w) a prime number?
False
Let u(g) = g**2 - 6 + 2*g**2 + 48*g - 6*g**2 + 0*g**2 - 57*g - 25*g**3. Let x be ((-6)/(-8))/(1/(-4)). Is u(x) a prime number?
False
Suppose 4*i = -3*a + 2517 + 1117, 5*a - 6054 = -4*i. Let k(f) = 5*f - 537. Let p be k(0). Let r = p + a. Is r composite?
False
Suppose 0*o - 2050 = o. Let q = -413 - o. Is q a prime number?
True
Suppose 4*r - 257568 = -45*o + 41*o, 2*o = -r + 64385. Is r a composite number?
False
Suppose -2 = -g + 2*s + 1, 2*g = -s + 11. Suppose -g*b + 1535 = -4*u, -5*b + 3*u + 318 = -4*b. Let v = 514 - b. Is v a prime number?
True
Let q = 750248 - 238839. Is q prime?
True
Suppose -3*j = -5*h - 29, 4*j = -5*h + h + 28. Let q be ((-3186)/j)/(12/(-64)). Suppose 5*o - 3533 = 2*k, -o + q = 2*o + 3*k. Is o composite?
True
Suppose 0 = -12*a + 1133009 - 310349. Is a a prime number?
False
Is (2002/(-14))/13 - -35889 a prime number?
False
Let g = 74128 + -21321. Is g prime?
True
Suppose -3*p + 20 = 7*p. Suppose -p*a = -0*a - 3554. Is a prime?
True
Let j = -33924 + 90605. Is j prime?
True
Suppose -c + 2*c = -2, 0 = 4*y + 3*c - 765998. Suppose -5*j - 6*n + 2*n = -y, 2*n - 38305 = -j. Is j a prime number?
False
Let x be ((-30)/20 - 5/6)*-3. Is 0 + 28/x - -2123 a composite number?
True
Let n(m) = 70*m**2 - 3*m. Suppose 0 = -13*s + 15*s - 20. Let q be (-1)/5 - (-22)/s. Is n(q) a composite number?
True
Is 1818310 + -27 + (-270)/(-27) a composite number?
False
Let a(l) = 9614*l**2 - 370*l + 3211. Is a(9) a prime number?
False
Suppose -8*s - 7448 = -25712. Suppose -1454 - s = -a. Is a composite?
True
Let p(b) = -2367*b - 18. Let t be p(-7). Suppose 15269 = 5*q - t. Let h = 10653 - q. Is h prime?
True
Suppose -20*r + 6030194 = 74*r. Is r a composite number?
False
Let w = -155 - -161. Is 1*w/(-12)*-16706 a prime number?
True
Suppose 394*x - 172 = 396*x. Let u = x + 493. Is u prime?
False
Suppose t + 3*j - 130 = 0, -3*t + 2*t + 165 = -4*j. Suppose 0 = -142*v + t*v - 99321. Is v prime?
True
Suppose 2*q = 4*r + 286, -q + 4*r + 139 = -0*q. Is 14/q*-3 + (-82300)/(-28) a prime number?
True
Let s(a) = -a**2 - 18*a + 4. Let b be s(-17). Let w be 15*(b/9 - 3). Let u(q) = -110*q + 23. Is u(w) a prime number?
True
Suppose 0 = -l + v + 13, -v - 10 = 4*v. Suppose -17*u - l*u + 194852 = 0. Is u prime?
True
Let b be (3/(-2))/((-9)/78). Let d(z) = -2*z + 13. Let w be d(b). Is 5/(20/(-188))*w composite?
True
Suppose 14*g - 13*g - 34 = 0. Suppose -2*w + g = -2*c, -3*w - w = -5*c - 69. Suppose -4*x - s = -4251 + 11, -4*s - w = 0. Is x a prime number?
True
Let f be (-2)/14 - (-5375090)/(-98). Let l = 99801 + f. Is l composite?
False
Let k = 71 + -69. Is k/14*0 + 1*1147 a composite number?
True
Let p(a) = 42*a**2 + 136*a - 905. Is p(78) prime?
True
Let o = -1588 - -16856. Suppose o = 2*t + 2*t. Is t prime?
False
Suppose 5*a - 50 - 250 = 0. Suppose 0 = -a*y + 58*y + 32. Is (2/(y/12436))/(1/2) a prime number?
True
Suppose 6665069 = 381*d - 49202866. Is d a composite number?
True
Let s = -148673 + -5387. Is (-1 + -1 - s/40)*2 a prime number?
True
Suppose 27*u - 180 = 9*u. Is u/95 - (-84318)/38 composite?
True
Suppose 114 - 94 = 4*q. Suppose -t - 5*f - 4 = q, 2*f + 1 = -3*t. Is (t*-1)/((-22)/3102) a prime number?
False
Is 13908405/231 - (-12)/(-22) prime?
True
Let f(j) = 6*j**2 + j - 2. Let l be f(1). Suppose 5*m + l*v - 270 = 0, 3*m - 57 = -4*v + 105. Suppose -1423 - m = -7*t. Is t a prime number?
True
Let n(y) = -2*y - 32. Let k(p) = 10*p + 160. Let u(c) = 2*k(c) + 11*n(c). Let d be u(-19). I